 - (1 - 2)?
-3
Evaluate 3 - 4 - ((0 - 3) + 5).
-3
Evaluate -3 + (-2 - 7 - -8).
-4
Calculate (2 - 1) + -3 + 0 + 6.
4
What is the value of 12 + -20 + 14 + -7 + 2?
1
What is the value of (5 - 3) + (-2 - (0 + 4))?
-4
What is the value of (-2 - -6) + (-2 - 1)?
1
What is the value of 9 + -8 + (-3 - -1)?
-1
Calculate 32 + -21 + (0 - 4).
7
What is -17 + 8 - (0 + -4 + 1)?
-6
Evaluate -13 + 8 - (1 - 1).
-5
(-13 - -11) + (0 - 4)
-6
What is -1 - (1 + -2 - (8 - 3))?
5
What is the value of 1 - -6 - (-2 + 1)?
8
Evaluate (-7 + 0 - -8) + 1 - 7.
-5
Evaluate -3 + -3 + -1 - -5.
-2
What is -2 - (-1 + 1 - -3)?
-5
Calculate 4 + (2 - 4 - -1) - 3.
0
What is the value of -1 + 0 + 3 - 6 - -1?
-3
Evaluate -6 + 4 - 1 - -2.
-1
Calculate -4 + (8 - 4) + -3.
-3
Evaluate -7 + (0 - (-4 + 1)).
-4
Calculate 1 + 2 + -4 - (-7 - -2).
4
What is the value of (3 - 1 - -3) + -9?
-4
What is the value of 77 + -87 + (-1 + 6 - 0)?
-5
What is the value of 6 - (5 - 2 - (-1 + 4))?
6
What is the value of 7 - (6 - (-15 + 7))?
-7
What is (2 - -3) + -4 - (6 - 2)?
-3
Evaluate 1 + (-2 - 1) + 3 + 3.
4
What is the value of -2 + 10 + (0 - (-3 - -6))?
5
Calculate -7 - (-3 - -3 - (-2 - -1)).
-8
What is the value of 144 + -157 + (13 - -1)?
1
What is -3 + -2 + (2 - -1)?
-2
-2 - -1 - -2 - -8
9
What is (1 - 5) + (5 - (-3 + -1))?
5
What is the value of (-1 - (-4 + -2)) + -12 + 1?
-6
(-9 + 12 - (1 + 3)) + 1
0
(5 - 6 - -4 - 6) + 5
2
Calculate (-2 + 0 - -8) + (12 - 15).
3
Calculate -3 + (0 - -1) + -3.
-5
Evaluate 1 - (-3 - (-2 + (-3 - 0))).
-1
Evaluate 4 - (63 + -58 + (-1 - 6)).
6
Evaluate -2 + 1 + -3 + (-1 - -3).
-2
Evaluate 40 + -42 + (0 - 2).
-4
What is (8 - 3 - 1) + (1 - 0)?
5
Calculate -11 - (-3 + -5) - -1.
-2
What is (12 + -4 - 7) + -4?
-3
-14 + 8 - -8 - 7
-5
What is the value of (1 - (7 - -4)) + (3 - -1)?
-6
Evaluate (7 - (14 + -4)) + 6 + -2.
1
What is 6 - (-5 + 7 + 3)?
1
0 - (1 + (3 - 2) + -2)
0
Evaluate -17 + 15 + 6 + 1.
5
Calculate -7 - -10 - (0 + 5 + 1).
-3
What is -4 + 0 + 4 + -4?
-4
What is 0 - 5 - -7 - 1?
1
Calculate (-2 - (4 + -4)) + 5.
3
Evaluate -3 + (21 - 13 - 2).
3
2 + 2 + -4 - 3
-3
Evaluate 0 - (2 + 4 - (-1 - -6)).
-1
Calculate 13 - (2 - 0 - 0 - -5).
6
Evaluate 5 + -4 + -1 + (2 - 8).
-6
7 + (-16 - -6 - 5)
-8
-1 + (-2 - (-8 - -4))
1
Calculate 4 + 1 + -4 + (1 - 6).
-4
What is 8 + -7 + 1 + 3?
5
5 + -1 + 1 + -4
1
Calculate 4 + -2 + -2 + -5 + 1.
-4
(0 - -1) + (-5 - -3 - 1)
-2
What is 1 - (4 - ((-5 - -11) + -4))?
-1
4 + (-2 - 1 - 7) + 1
-5
8 + (0 - 6) + (-4 - 3)
-5
Evaluate -3 - -1 - (2 + 0 + -2).
-2
What is -4 + 4 - (-3 + -2)?
5
What is (-1 + 2 - 4) + 6 - 4?
-1
What is the value of -25 + 19 + 1 + 1?
-4
-4 - 2 - -9 - 1
2
What is -6 - (-1 + (6 - (-6 - -15)))?
-2
-2 + 4 - (-7 + 4)
5
4 - (1 + (4 - (6 - 0)))
5
What is the value of -4 - (1 - 5 - -4)?
-4
-5 + 1 + 2 + 4 + 3
5
Evaluate -4 + (2 - 0) + (10 - 14).
-6
Evaluate 2 + -4 - (0 - (-1 + -2)).
-5
What is -1 + (-8 - -3) + 2?
-4
Calculate (2 - (1 + -1)) + -7 + 1.
-4
What is the value of 0 + -2 + 0 - (100 + -104)?
2
-2 + -7 + (1 - -2) - -2
-4
Calculate (-19 - -13) + 4 + (0 - 4).
-6
7 + (0 - (16 + -8)) + -6
-7
What is 1 + -3 - (0 - (-2 - -1))?
-3
-3 - (4 + (1 - 4))
-4
Evaluate (21 - 16) + 1 + -4.
2
What is the value of (3 - (8 + 0)) + 8?
3
What is 3 - (1 - (5 - 6))?
1
Calculate 9 + -35 + 13 + 9.
-4
What is the value of -8 + 4 - (-13 - 0)?
9
What is the value of (-2 - -3) + -5 + (-5 - -2)?
-7
Calculate 4 - (4 - (1 + 1 + -3)).
-1
What is -5 + (-1 - (-3 + 1 + 1))?
-5
What is 7 + (2 - (-2 - -5))?
6
What is the value of -4 + 7 - 0 - 3?
0
6 + (3 - 9) + (1 - 0)
1
Calculate -1 - ((-6 - -2) + -1 + 1).
3
Calculate (4 - (4 + (-4 - -4))) + 1.
1
Calculate -3 + (5 - -1) - 5 - 3.
-5
What is the value of 6 - (5 - (0 - -5) - -5)?
1
What is 7 + -11 + 3 + 3?
2
What is (-2 - (-2 - 3)) + (-3 - -4)?
4
What is the value of 8 + -10 - (-1 + 0 + 0)?
-1
What is the value of -1 + 8 - (2 + 12) - -7?
0
(-5 - 1) + (3 - 2) + 2
-3
Calculate (8 - 3) + (-2 - -1).
4
What is 8 + 9 + -20 + 1?
-2
What is the value of -2 + 3 + (12 - 7)?
6
What is 12 - 5 - 2 - (-1 + 4)?
2
Evaluate 6 + (-7 + 15 - 3 - 21).
-10
3 + 0 + (20 - 17)
6
165 + -167 + -1 + -4
-7
Calculate -12 + (13 - (-3 - -1)).
3
(-3 - 1) + 0 - (12 + -16)
0
What is the value of -16 - -19 - (1 - -4 - -1)?
-3
What is the value of (-2 - 1) + (2 - (3 - 1))?
-3
45 + -38 + 1 + -5
3
(-1 + -10 - -4) + 1
-6
-1 - (-4 + -3 + 5)
1
Calculate 4 + -3 + (7 + -11 - -1).
-2
Evaluate 2 + (0 - -3) + -6.
-1
Calculate 6 - (0 - 3 - (18 + -20)).
7
What is -4 + -1 - (41 - 49)?
3
Evaluate -1 - -8 - (5 + 2 + -5).
5
Calculate (67 - 61) + 1 + 1.
8
18 + (2 - 15) - 7
-2
Evaluate 5 + (-7 - -5) + 2.
5
(3 - -6) + (3 - 18)
-6
Evaluate 0 + (1 - (5 + -8)) + 0.
4
Calculate 2 - (2 + -1 + (3 - 5)).
3
Calculate 5 + -6 + 4 - 4.
-1
3 + -4 - -4 - (1 - 1)
3
Evaluate 5 - (17 - 3) - -7.
-2
-1 - ((3 - 7) + 1)
2
What is the value of -1 - -3 - (3 - -5)?
-6
-3 - (-2 + -5 - (-2 + 3))
5
Calculate 7 + 9 + -9 - (3 - -1).
3
(16 - 15) + (-1 - -2) - -1
3
What is 8 - 3 - (11 - (-2 + 1))?
-7
(10 - 8 - (0 - 0)) + -4
-2
What is -3 + 3 - ((1 - 1) + -1)?
1
Calculate 1 - 0 - (-14 + 19).
-4
What is the value of (1 - 3) + 0 + 0 - 1?
-3
What is the value of 2 - ((0 - -3) + -2 - -1)?
0
What is -3 - (10 - 8) - -8?
3
What is the value of 2 + 3 - (22 + -19)?
2
Calculate 2 - -1 - 3 - -3.
3
Calculate -2 + 2 + -1 - (-6 - -9).
-4
Evaluate (14 + 4 + -12 - 2) + -3.
1
What is (4 - 5) + 19 + -22?
-4
What is (1 + -2 - -1) + -2?
-2
Calculate 1 + 3 - (2 + 1).
1
What is the value of 8 + -2 + 0 - 11?
-5
2 + (0 + -2 - -4)
4
Evaluate -3 - (-5 + -5 + 1 + 5).
1
Calculate -4 - (-6 - -4) - -4.
2
What is (7 - 10 - (-7 + 21)) + 7?
-10
What is the value of -7 - (-4 + 0) - -6?
3
(0 + 0 - -4) + (-21 - -20)
3
Calculate -2 - (-6 - -10 - 4).
-2
Calculate 39 + -42 + (-2 - -1).
-4
What is the value of 1 - -4 - -3 - 3?
5
What is the value of -8 - (0 + -6) - -9?
7
Calculate 3 + (-3 - -2) - (-10 + 15).
-3
Calculate (-9 - -2) + 2 + 4.
-1
Calculate -2 - (-10 - (6 - 16)).
-2
Calculate 7 - 9 - (0 + 3).
-5
Evaluate -1 - (-3 + 3) - -1.
0
-8 + 8 + (3 - 9) + 2
-4
Calculate 1 + (2 - (4 + -2 + 3)).
-2
Evaluate 10 + -2 - (27 + -25).
6
-5 - (-2 + 0) - (5 + -3)
-5
What is -6 - ((0 - -4 - 8) + 3)?
-5
Evaluate (3 + 0 - 2) + -1 + 5.
5
Calculate 7 + -4 - (-5 + -1 + 4).
5
Evaluate -5 + 0 - (3 + (2 - 8)).
-2
What is the value of -4 + -1 - (0 + -13 - -9)?
-1
What is the value of (3 + 2 - 3) + 5 + -9?
-2
What is the value of (1 - 4) + 4 + 22 + -24?
-1
Evaluate 5 - (12 - 0 - (-16 + 17)).
-6
What is -4 + 1 - 5 - -3?
-5
1 + -2 + 3 + -3 + 4
3
-5 - ((5 + -5 - 6) + 0)
1
What is the value of -12 + 11 + 1 - (6 + 0)?
-6
Evaluate (27 - 25) + -3 + -1 + 1.
-1
Evaluate -18 + (0 + 0 + 7 - -2).
-9
(2 - -8) + -4 + -1
5
What is (-5 + -2 + 4 - -2) + -3?
-4
What is the value of -9 + 17 + (1 - (-1 - -3))?
7
(2 + -4 - (-3 + 3)) + 3
1
What is the value of 1 + (-5 - -4) - 4?
-4
What is -4 - (-1 - (4 + -3))?
-2
Evaluate 14 - 13 - (3 - -1).
-3
Calculate -6 + -1 + 9 - (1 - -4).
-3
2 - (-3 + 1 + 9 + 0)
-5
What is -4 - (-1 + 5 + -9 - -4)?
-3
Evaluate 0 + (1 - 0) - 3.
-2
Evaluate (0 - -6) + (-2 - -4) + -7.
1
Calculate 8 - (-1 - -9 - 5).
5
What is the value of 4 - (4 + (-1 - -4))?
-3
What is the value of 2 - (-10 - -5 - (4 - 13))?
-2
What is (4 - 0) + -5 - -4?
3
-12 + 8 + 8 - (0 - 2)
6
Calculate 2 + (-7 - -14) + -5.
4
What is (-6 + 0 - 0) + 0?
-6
What is (1 + 0 - 3 - -1) + 2?
1
Evaluate -330 + 340 - (1 + 3 + -1).
7
What is 3 + -13 + -6 + 9?
-7
-2 + -2 + (5 - -5)
6
What is 5 + -5 + -1 + -4?
-5
Calculate -2 - (9 + (-5 - 1)).
-5
Evaluate -16 + -9 + 16 - (-1 - 4).
-4
Calculate (-5 - -11 - 6) + 3.
3
What is the value of (15 - 15) + -4 - (2 - -1)?
-7
Evaluate 4 + (1 - (-6 + (-2 - -7))).
6
9 + (2 - 7) + 0
4
What is the value of (6 - -1 - 9) + 0 + 0?
-2
What is -3 + (-4 - ((0 - 3) + 1))?
-5
Calculate -5 - (5 - 4 - (-1 + 2)).
-5
Calculate -8 + 5 + 7 + -6.
-2
What is the value of 4 + -1 + 4 + -4?
3
What is the value of 2 + (-10 - (0 - 5) - -6)?
3
-2 + -2 - (7 - 4)
-7
Evaluate -1 - (-5 + 0) - 0.
4
(-4 - 4) + 2 + 5 + -1
-2
What is the value of -4 - -1 - (2 + -4 + 0)?
-1
1 - -2 - (16 - (-1 + 10))
-4
What is -6 + 15 + (-5 - 2)?
2
Calculate 3 - (1 - (-3 + 1 + 2)).
2
What is 58 - 65 - (0 - 8)?
1
(5 - (-3 + 5)) + -3
0
Evaluate (-5 - ((2 - 2) + -2)) + 0.
-3
What is (-3 - (0 - 0)) + (-24 - -29)?
2
What i